.
11
Calculate the remainder when 11884 is divided by 21.
19
What is the remainder when 2211 is divided by 28?
27
Calculate the remainder when 961 is divided by 172.
101
Calculate the remainder when 3158 is divided by 17.
13
What is the remainder when 2341 is divided by 17?
12
What is the remainder when 1018 is divided by 74?
56
Calculate the remainder when 178 is divided by 45.
43
What is the remainder when 34 is divided by 31?
3
Calculate the remainder when 2771 is divided by 231.
230
What is the remainder when 779 is divided by 23?
20
What is the remainder when 164 is divided by 15?
14
What is the remainder when 279 is divided by 161?
118
What is the remainder when 215 is divided by 54?
53
Calculate the remainder when 429 is divided by 72.
69
Calculate the remainder when 72 is divided by 6.
0
Calculate the remainder when 1784 is divided by 90.
74
What is the remainder when 2575 is divided by 34?
25
Calculate the remainder when 996 is divided by 27.
24
Calculate the remainder when 12752 is divided by 14.
12
Calculate the remainder when 1635 is divided by 66.
51
What is the remainder when 676 is divided by 224?
4
What is the remainder when 1493 is divided by 214?
209
What is the remainder when 1738 is divided by 33?
22
Calculate the remainder when 208 is divided by 43.
36
Calculate the remainder when 623 is divided by 104.
103
What is the remainder when 474 is divided by 15?
9
What is the remainder when 77 is divided by 22?
11
What is the remainder when 4227 is divided by 10?
7
What is the remainder when 55 is divided by 8?
7
What is the remainder when 1636 is divided by 178?
34
What is the remainder when 471 is divided by 53?
47
What is the remainder when 1857 is divided by 31?
28
What is the remainder when 770 is divided by 35?
0
What is the remainder when 594 is divided by 12?
6
What is the remainder when 438 is divided by 8?
6
What is the remainder when 2142 is divided by 713?
3
Calculate the remainder when 438 is divided by 26.
22
Calculate the remainder when 524 is divided by 34.
14
Calculate the remainder when 453 is divided by 146.
15
Calculate the remainder when 1492 is divided by 57.
10
What is the remainder when 581 is divided by 111?
26
What is the remainder when 1079 is divided by 9?
8
Calculate the remainder when 77 is divided by 5.
2
What is the remainder when 300 is divided by 37?
4
What is the remainder when 1153 is divided by 32?
1
Calculate the remainder when 80 is divided by 21.
17
Calculate the remainder when 204 is divided by 6.
0
What is the remainder when 32 is divided by 25?
7
What is the remainder when 1234 is divided by 134?
28
What is the remainder when 139 is divided by 72?
67
What is the remainder when 414 is divided by 8?
6
Calculate the remainder when 204 is divided by 24.
12
Calculate the remainder when 380 is divided by 37.
10
What is the remainder when 929 is divided by 25?
4
Calculate the remainder when 116 is divided by 90.
26
Calculate the remainder when 64 is divided by 13.
12
Calculate the remainder when 938 is divided by 45.
38
Calculate the remainder when 271 is divided by 46.
41
Calculate the remainder when 632 is divided by 581.
51
What is the remainder when 2175 is divided by 32?
31
What is the remainder when 42 is divided by 9?
6
What is the remainder when 10762 is divided by 229?
228
What is the remainder when 563 is divided by 33?
2
Calculate the remainder when 11498 is divided by 115.
113
Calculate the remainder when 1725 is divided by 73.
46
Calculate the remainder when 77 is divided by 46.
31
What is the remainder when 1335 is divided by 117?
48
What is the remainder when 42 is divided by 32?
10
What is the remainder when 1026 is divided by 169?
12
What is the remainder when 95 is divided by 17?
10
What is the remainder when 166 is divided by 134?
32
What is the remainder when 203 is divided by 12?
11
Calculate the remainder when 1425 is divided by 110.
105
What is the remainder when 776 is divided by 156?
152
What is the remainder when 362 is divided by 4?
2
What is the remainder when 1120 is divided by 160?
0
Calculate the remainder when 109 is divided by 45.
19
What is the remainder when 157 is divided by 36?
13
Calculate the remainder when 3490 is divided by 36.
34
Calculate the remainder when 739 is divided by 353.
33
Calculate the remainder when 673 is divided by 25.
23
What is the remainder when 89 is divided by 37?
15
Calculate the remainder when 734 is divided by 190.
164
Calculate the remainder when 497 is divided by 20.
17
What is the remainder when 54317 is divided by 16?
13
Calculate the remainder when 1151 is divided by 24.
23
Calculate the remainder when 843 is divided by 18.
15
Calculate the remainder when 12858 is divided by 167.
166
Calculate the remainder when 953 is divided by 34.
1
What is the remainder when 149 is divided by 76?
73
Calculate the remainder when 81 is divided by 22.
15
What is the remainder when 440 is divided by 112?
104
Calculate the remainder when 25409 is divided by 15.
14
What is the remainder when 190 is divided by 143?
47
What is the remainder when 4762 is divided by 1587?
1
Calculate the remainder when 152 is divided by 10.
2
Calculate the remainder when 175 is divided by 36.
31
Calculate the remainder when 28 is divided by 15.
13
What is the remainder when 2087 is divided by 38?
35
What is the remainder when 141 is divided by 9?
6
What is the remainder when 1612 is divided by 323?
320
Calculate the remainder when 652 is divided by 107.
10
What is the remainder when 652 is divided by 34?
6
Calculate the remainder when 372 is divided by 53.
1
Calculate the remainder when 601 is divided by 100.
1
What is the remainder when 700 is divided by 226?
22
Calculate the remainder when 107 is divided by 60.
47
What is the remainder when 112 is divided by 23?
20
Calculate the remainder when 1500 is divided by 603.
294
Calculate the remainder when 1885 is divided by 35.
30
What is the remainder when 1185 is divided by 149?
142
What is the remainder when 5585 is divided by 133?
132
What is the remainder when 184 is divided by 47?
43
Calculate the remainder when 159 is divided by 44.
27
What is the remainder when 171 is divided by 12?
3
What is the remainder when 1363 is divided by 5?
3
What is the remainder when 150 is divided by 93?
57
What is the remainder when 950 is divided by 316?
2
Calculate the remainder when 193 is divided by 42.
25
What is the remainder when 1646 is divided by 409?
10
What is the remainder when 85 is divided by 52?
33
Calculate the remainder when 419 is divided by 22.
1
What is the remainder when 62 is divided by 24?
14
What is the remainder when 6345 is divided by 12?
9
Calculate the remainder when 342 is divided by 59.
47
What is the remainder when 78 is divided by 18?
6
Calculate the remainder when 19336 is divided by 11.
9
What is the remainder when 561 is divided by 138?
9
Calculate the remainder when 357 is divided by 49.
14
What is the remainder when 99 is divided by 57?
42
What is the remainder when 398 is divided by 57?
56
What is the remainder when 554 is divided by 138?
2
What is the remainder when 275 is divided by 79?
38
Calculate the remainder when 142 is divided by 16.
14
What is the remainder when 417 is divided by 130?
27
Calculate the remainder when 14804 is divided by 15.
14
What is the remainder when 1939 is divided by 97?
96
Calculate the remainder when 97 is divided by 21.
13
Calculate the remainder when 5876 is divided by 9.
8
What is the remainder when 1303 is divided by 15?
13
Calculate the remainder when 809 is divided by 399.
11
Calculate the remainder when 2443 is divided by 48.
43
What is the remainder when 843 is divided by 106?
101
Calculate the remainder when 121 is divided by 34.
19
What is the remainder when 766 is divided by 154?
150
What is the remainder when 1763 is divided by 63?
62
Calculate the remainder when 52 is divided by 29.
23
What is the remainder when 515 is divided by 11?
9
Calculate the remainder when 1954 is divided by 103.
100
What is the remainder when 453 is divided by 76?
73
What is the remainder when 461 is divided by 93?
89
Calculate the remainder when 4505 is divided by 110.
105
Calculate the remainder when 171 is divided by 7.
3
Calculate the remainder when 326 is divided b